.
25
Suppose -11 + 17 = 3*r, -7*r = 2*h - 82. Suppose -3*l = -2*l - 3*x + 9, -4 = 4*l - 4*x. Suppose 38 = l*u - 13. What is the highest common divisor of h and u?
17
Suppose -820 = -14*g + 76. Let u be 28/21*(-3)/2. Let d be u - ((-40)/2 - -2). Calculate the greatest common factor of d and g.
16
Let v(t) = -52*t - 39. Let w(g) = g**2 - 7*g + 1. Let z be w(2). Let b be v(z). Calculate the greatest common divisor of b and 33.
33
Let a(x) = 2*x**2 - 3*x + 196. Suppose 0 = -49*b - 6*b + 660. Let r be a(b). Calculate the greatest common divisor of r and 14.
14
Let f be -8*4/(-32) - -9. Let k(n) = -n**2 + 7*n - 5. Let j = 16 - 11. Let h be k(j). What is the highest common factor of h and f?
5
Let r be (-1)/5 - 1729/(-95). Let k(w) = w**3 - 3*w**2 - 3*w + 5. Let g be k(5). Let f = -22 + g. Calculate the highest common factor of f and r.
18
Suppose u + 3*u = 4*p + 12, 3*p + 13 = -u. Let v(i) = 7*i**2 - 2*i + 1. Let q be v(p). Suppose 47*m - 594 = -7*m. What is the highest common divisor of m and q?
11
Let l = -3096 - -3112. What is the greatest common divisor of 4304 and l?
16
Let o = -252 - -189. Let j be (-4)/(-10) - -9*o/(-45). Calculate the greatest common divisor of j and 611.
13
Let n be 4/(-6)*(-216)/48. Suppose -c + 9 = -n. Calculate the highest common factor of c and 18.
6
Let i be (-30 + (-1 - -1))/(4/(-38)). Suppose -i = -14*s + 261. Calculate the highest common divisor of s and 104.
13
Let t(p) = -2*p**2 - 19*p + 40. Let a be t(-13). Let l = -48 - a. What is the highest common divisor of l and 3?
3
Let x be ((-4970)/(-213))/(1/24). Calculate the highest common divisor of 5 and x.
5
Let s be (-4 - -3) + 11268/4. What is the greatest common factor of 165 and s?
11
Let m = -311 + 306. Let f be 8 - m*(-1 - -72). Calculate the greatest common factor of f and 66.
33
Let d = 677 + -568. What is the highest common factor of d and 2?
1
Suppose 11086*o - 11097*o + 44132 = 0. Calculate the highest common divisor of 204 and o.
68
Suppose 2*g = 3*f - 128, -10*g = -4*f - 9*g + 169. Calculate the greatest common divisor of 13006 and f.
14
Suppose -11*w = 3*t - 10*w - 343, -3*t - 4*w + 337 = 0. Let p = t + -84. Let q = 43 - p. What is the highest common factor of q and 12?
12
Suppose -4*d + 5*t + 2393 + 312 = 0, 4 = -4*t. Calculate the highest common factor of d and 189.
27
Let i be 2133419/534 + (-1)/6. Calculate the highest common factor of i and 85.
85
Let o be 2*(-2)/10*(-85)/102*102. Calculate the greatest common divisor of o and 765.
17
Let c(g) = -20*g + 95. Let x be c(5). Let j be (16/(-10))/(x/950). Calculate the greatest common factor of 19 and j.
19
Suppose 8*r - 595 = 3*r - m, -4*r + 452 = -4*m. Let f be -10 + 11 - (2 - 60). Calculate the greatest common factor of r and f.
59
Let k(j) = 55*j + 162. Let i be k(-8). Let u = 280 + i. Calculate the highest common divisor of u and 18.
2
Suppose -2*c + 3*k = 4*k - 66, 165 = 5*c - 3*k. Suppose -p = 3*g - 119, 2*g + p = 3*g - c. What is the highest common factor of 19 and g?
19
Let z be ((-132)/(-3))/(-2)*2/2. Let n be z/253 + 4303/23. What is the highest common divisor of 44 and n?
11
Suppose 965*p - 742 = 951*p. Calculate the highest common factor of p and 1537.
53
Suppose 201*r = 188*r + 1300. What is the highest common divisor of 116 and r?
4
Let t = 98 + -449. Let s = -239 - t. What is the highest common divisor of 28 and s?
28
Suppose 4*m - 4*t = 3280, 2*m - 4*t - 1278 = 378. Suppose r - 4*r = -84. Calculate the highest common factor of r and m.
28
Let a(s) = s**2 + 3*s - 24. Let u be a(4). Suppose u*p - 18 = -6. Suppose -3*l + 580 = 5*c, p*l - 576 = c - 4*c. What is the greatest common factor of l and 19?
19
Let b = -200 - -211. Let x be b/(3/645*5). Calculate the highest common factor of 43 and x.
43
Suppose 4*i = -2*y - 10, 0 = -4*y + 2*i - 12 - 8. Let p(c) = -12*c - 14. Let w be p(y). What is the highest common factor of w and 115?
23
Suppose -2*y - 15 = -y - 95. Calculate the highest common divisor of 45 and y.
5
Let b(s) = -7*s**2 + 490*s - 944. Let z be b(68). Suppose 2*m + m - 9 = 0. Let x(t) = 11*t - 1. Let g be x(m). Calculate the highest common factor of z and g.
8
Let l = -1864 + 3394. Suppose 12*m + l - 6402 = 0. What is the highest common factor of 14 and m?
14
Suppose s - 24 = -20, -480 = -3*t - 3*s. Calculate the greatest common divisor of 2316 and t.
12
Let a be 6/(96/28) + (-588)/(-48). Calculate the highest common factor of a and 818.
2
Suppose 0 = 5*c - 5*m - 170, 3*c - c = 3*m + 63. Let a = c - 23. Let w be ((-4921)/(-95) - -12) + (-2)/(-10). What is the greatest common factor of a and w?
16
Suppose 0 = -2*n + 257 - 37. Let o(i) = -i**3 + 24*i**2 - 2*i + 92. Let m be o(24). Calculate the greatest common divisor of n and m.
22
Suppose 4*b = 16383 - 13483. What is the greatest common divisor of b and 75?
25
Let d be 294624/(-1728)*-6*1. Calculate the greatest common divisor of 627 and d.
33
Suppose 7296*y - 6540 = 7290*y. Calculate the greatest common divisor of 10 and y.
10
Let p be 396/2*(-16)/(-24). Suppose 0 = 14*n - 13134 + 11958. Calculate the highest common factor of n and p.
12
Let k(q) = -2*q**2 - 9*q + 1. Let s be k(-4). Suppose 0*i - 1280 = -s*i. Calculate the highest common factor of i and 32.
32
Let b be 145 - 12/(-24)*14. Calculate the greatest common divisor of 4256 and b.
152
Suppose 0*v - 36 = -2*v. Suppose 2*t - 5*j = 94, -t = -4*j - 20 - 30. Calculate the highest common factor of t and v.
6
Let t(z) = -z + 9. Let r be t(-3). Let h(x) = 7*x - 58. Let m be h(9). Suppose m*f = -5*f + 200. Calculate the highest common divisor of r and f.
4
Suppose 52 = 4*g + 60, 4*g = 5*t - 123. What is the greatest common divisor of t and 2921?
23
Suppose -17*z = 5*a - 16*z - 100, -2*a = -2*z - 52. Let t(q) = 7*q + 7. Let d be t(17). What is the highest common divisor of d and a?
21
Let l = 105 + -122. Let u = l + 38. What is the highest common divisor of 3 and u?
3
Let z(j) = 4*j**2 + 3*j + 3. Let u be z(-2). Let b(x) = x**3 + 23*x**2 - 45*x - 1022. Let y be b(-23). Calculate the highest common factor of u and y.
13
Let f = 17 - 18. Let h be ((-56)/(-20)*2)/(f/5). Let t = 29 + h. Calculate the highest common factor of t and 1.
1
Let k be 162/(-36)*(-3 + 1). Let f be (-4)/(-6) + 579/k. Let h be ((-39)/2)/3*-4. What is the greatest common factor of h and f?
13
Suppose -2*l + 136 = a, -a - 3*a + 559 = 3*l. Suppose 0*k - 2*k = -460. Let t = k - a. What is the greatest common factor of 8 and t?
8
Suppose 11*y + 73 = 14*y + 5*j, -y + 4*j = 38. Suppose -154 = -5*c + 596. What is the highest common factor of y and c?
6
Let w = -7039 + 11978. What is the greatest common divisor of w and 22?
11
Suppose -18819 + 6768 = -117*n. What is the highest common divisor of 103 and n?
103
Let j = 273 - 154. Suppose 3*d + a = 41 + 114, -d + 2*a = -47. What is the highest common divisor of d and j?
17
Let m(f) = 15220*f - 380388. Let a be m(25). Let k(n) = 9*n**2 - n. Let p be k(1). Let i = -1 + p. What is the highest common divisor of a and i?
7
Let v = -15 + 13. Let q be (v - 3 - -4)*-3. Suppose a + q*a - 116 = 0. Calculate the greatest common divisor of a and 29.
29
Suppose -z + 20 = 18. Let b = 74 - 72. Calculate the highest common factor of z and b.
2
Suppose 2705 - 3739 = -75*t + 4216. Calculate the highest common divisor of t and 4942.
14
Let t be (-14 + (-132)/(-9))*(-276)/(-8). What is the highest common factor of 3 and t?
1
Let o be 2/2 - (3 + 0 - 2). Suppose -2*w - 93 + 109 = o. Calculate the greatest common factor of 72 and w.
8
Let s = -5973 + 6032. Let y = 262 + 33. Calculate the greatest common divisor of s and y.
59
Suppose 104 = 2*o + 8. Suppose 0 = 4*g - 209 - 1103. Suppose 2*m + 0*v + 3*v - 134 = 0, 5*m = -4*v + g. What is the greatest common divisor of m and o?
16
Suppose -12*l = -5*l + 42. Suppose -4*v = 4*b + 5512, 3*b = -0*b - 4*v - 4131. Let g be (-15)/90 + b/l + 1. Calculate the highest common divisor of g and 21.
21
Let q = -39 + 183. Suppose -x - q = -9*x. What is the highest common factor of x and 198?
18
Let m = -25573 - -25657. What is the greatest common factor of m and 24276?
84
Suppose 6*g - 2561 = -893. Let z = 296 - g. Calculate the highest common divisor of z and 66.
6
Suppose -3*v - 4*h = -188, 702 = 8*v - 5*h + 185. What is the greatest common divisor of 12